{"id":7,"date":"2023-06-02T09:19:18","date_gmt":"2023-06-02T09:19:18","guid":{"rendered":"https:\/\/presscouncil-ks.org\/?page_id=7"},"modified":"2025-08-02T11:15:45","modified_gmt":"2025-08-02T11:15:45","slug":"ballina","status":"publish","type":"page","link":"https:\/\/presscouncil-ks.org\/","title":{"rendered":"Ballina"},"content":{"rendered":"","protected":false},"excerpt":{"rendered":"","protected":false},"author":1,"featured_media":0,"parent":9,"menu_order":0,"comment_status":"closed","ping_status":"closed","template":"template-parts\/home.php","meta":{"footnotes":""},"class_list":["post-7","page","type-page","status-publish","hentry"],"acf":{"hero_background":"https:\/\/presscouncil-ks.org\/wp-content\/uploads\/2023\/06\/Rectangle-2.png","hero_titles":[{"title":"P\u00ebr nj\u00eb gazetari etike dhe profesionale"},{"title":"For an ethical and professional journalism"},{"title":"Za eti\u010dko i profesionalno novinarstvo"}],"submit_complaint_title":"","submit_complaint_text":"","how_to_title":"","how_to_steps":"","complaint_button":"","complaint_button_link":"","intro_content":"K\u00ebshilli i Mediave t\u00eb Shkruara t\u00eb Kosov\u00ebs \u00ebsht\u00eb nj\u00eb organ vet\u00ebrregullues i themeluar p\u00ebr dhe nga sektori i mediave t\u00eb shkruara n\u00eb Kosov\u00eb. Misioni i tij bazohet n\u00eb bindjet e Kodit t\u00eb Mediave t\u00eb Shkruara t\u00eb Kosov\u00ebs. KMSHK \u00ebsht\u00eb themeluar n\u00eb shtator t\u00eb vitit 2005 me ndihm\u00ebn e Misionit t\u00eb OSBE-s\u00eb n\u00eb Kosov\u00eb, megjithat\u00eb, zyra e KMSHK-s\u00eb ka filluar aktivitetin e saj n\u00eb dhjetor t\u00eb vitit 2005.","redirect_button_text":"Lexo m\u00eb shum\u00eb","redirect_button_link":"https:\/\/presscouncil-ks.org\/?page_id=101"},"yoast_head":"<!-- This site is optimized with the Yoast SEO plugin v28.3 - https:\/\/yoast.com\/product\/yoast-seo-wordpress\/ -->\n<title>Ballina - K\u00ebshilli i Mediave t\u00eb Shkruara t\u00eb Kosov\u00ebs | P\u00ebr nj\u00eb gazetari etike dhe profesionale %<\/title>\n<meta name=\"description\" content=\"K\u00ebshilli i Mediave t\u00eb Shkruara t\u00eb Kosov\u00ebs (KMSHK) promovon gazetarin\u00eb etike, mbron lirin\u00eb e mediave dhe t\u00eb drejt\u00ebn p\u00ebr informim.\" \/>\n<meta name=\"robots\" content=\"index, follow, max-snippet:-1, max-image-preview:large, max-video-preview:-1\" \/>\n<link rel=\"canonical\" href=\"https:\/\/presscouncil-ks.org\/\" \/>\n<meta property=\"og:locale\" content=\"en_US\" \/>\n<meta property=\"og:type\" content=\"article\" \/>\n<meta property=\"og:title\" content=\"Ballina - K\u00ebshilli i Mediave t\u00eb Shkruara t\u00eb Kosov\u00ebs | P\u00ebr nj\u00eb gazetari etike dhe profesionale %\" \/>\n<meta property=\"og:description\" content=\"K\u00ebshilli i Mediave t\u00eb Shkruara t\u00eb Kosov\u00ebs (KMSHK) promovon gazetarin\u00eb etike, mbron lirin\u00eb e mediave dhe t\u00eb drejt\u00ebn p\u00ebr informim.\" \/>\n<meta property=\"og:url\" content=\"https:\/\/presscouncil-ks.org\/\" \/>\n<meta property=\"og:site_name\" content=\"K\u00ebshilli i Mediave t\u00eb Shkruara t\u00eb Kosov\u00ebs | P\u00ebr nj\u00eb gazetari etike dhe profesionale\" \/>\n<meta property=\"article:publisher\" content=\"https:\/\/www.facebook.com\/KMSHKosove\" \/>\n<meta property=\"article:modified_time\" content=\"2025-08-02T11:15:45+00:00\" \/>\n<meta name=\"twitter:card\" content=\"summary_large_image\" \/>\n<script type=\"application\/ld+json\" class=\"yoast-schema-graph\">{\"@context\":\"https:\\\/\\\/schema.org\",\"@graph\":[{\"@type\":\"WebPage\",\"@id\":\"https:\\\/\\\/presscouncil-ks.org\\\/\",\"url\":\"https:\\\/\\\/presscouncil-ks.org\\\/\",\"name\":\"Ballina - K\u00ebshilli i Mediave t\u00eb Shkruara t\u00eb Kosov\u00ebs | P\u00ebr nj\u00eb gazetari etike dhe profesionale %\",\"isPartOf\":{\"@id\":\"https:\\\/\\\/presscouncil-ks.org\\\/#website\"},\"datePublished\":\"2023-06-02T09:19:18+00:00\",\"dateModified\":\"2025-08-02T11:15:45+00:00\",\"description\":\"K\u00ebshilli i Mediave t\u00eb Shkruara t\u00eb Kosov\u00ebs (KMSHK) promovon gazetarin\u00eb etike, mbron lirin\u00eb e mediave dhe t\u00eb drejt\u00ebn p\u00ebr informim.\",\"breadcrumb\":{\"@id\":\"https:\\\/\\\/presscouncil-ks.org\\\/#breadcrumb\"},\"inLanguage\":\"en-US\",\"potentialAction\":[{\"@type\":\"ReadAction\",\"target\":[\"https:\\\/\\\/presscouncil-ks.org\\\/\"]}]},{\"@type\":\"BreadcrumbList\",\"@id\":\"https:\\\/\\\/presscouncil-ks.org\\\/#breadcrumb\",\"itemListElement\":[{\"@type\":\"ListItem\",\"position\":1,\"name\":\"Home\",\"item\":\"https:\\\/\\\/presscouncil-ks.org\\\/\"},{\"@type\":\"ListItem\",\"position\":2,\"name\":\"Lajmet\",\"item\":\"https:\\\/\\\/presscouncil-ks.org\\\/?page_id=9\"},{\"@type\":\"ListItem\",\"position\":3,\"name\":\"Ballina\"}]},{\"@type\":\"WebSite\",\"@id\":\"https:\\\/\\\/presscouncil-ks.org\\\/#website\",\"url\":\"https:\\\/\\\/presscouncil-ks.org\\\/\",\"name\":\"https:\\\/\\\/presscouncil-ks.org\\\/\",\"description\":\"\",\"publisher\":{\"@id\":\"https:\\\/\\\/presscouncil-ks.org\\\/#organization\"},\"potentialAction\":[{\"@type\":\"SearchAction\",\"target\":{\"@type\":\"EntryPoint\",\"urlTemplate\":\"https:\\\/\\\/presscouncil-ks.org\\\/?s={search_term_string}\"},\"query-input\":{\"@type\":\"PropertyValueSpecification\",\"valueRequired\":true,\"valueName\":\"search_term_string\"}}],\"inLanguage\":\"en-US\"},{\"@type\":\"Organization\",\"@id\":\"https:\\\/\\\/presscouncil-ks.org\\\/#organization\",\"name\":\"K\u00ebshilli i Mediave t\u00eb Shkruara t\u00eb Kosov\u00ebs\",\"url\":\"https:\\\/\\\/presscouncil-ks.org\\\/\",\"logo\":{\"@type\":\"ImageObject\",\"inLanguage\":\"en-US\",\"@id\":\"https:\\\/\\\/presscouncil-ks.org\\\/#\\\/schema\\\/logo\\\/image\\\/\",\"url\":\"https:\\\/\\\/presscouncil-ks.org\\\/wp-content\\\/uploads\\\/2023\\\/06\\\/cropped-logo.png\",\"contentUrl\":\"https:\\\/\\\/presscouncil-ks.org\\\/wp-content\\\/uploads\\\/2023\\\/06\\\/cropped-logo.png\",\"width\":268,\"height\":166,\"caption\":\"K\u00ebshilli i Mediave t\u00eb Shkruara t\u00eb Kosov\u00ebs\"},\"image\":{\"@id\":\"https:\\\/\\\/presscouncil-ks.org\\\/#\\\/schema\\\/logo\\\/image\\\/\"},\"sameAs\":[\"https:\\\/\\\/www.facebook.com\\\/KMSHKosove\"]}]}<\/script>\n<!-- \/ Yoast SEO plugin. -->","yoast_head_json":{"title":"Ballina - K\u00ebshilli i Mediave t\u00eb Shkruara t\u00eb Kosov\u00ebs | P\u00ebr nj\u00eb gazetari etike dhe profesionale %","description":"K\u00ebshilli i Mediave t\u00eb Shkruara t\u00eb Kosov\u00ebs (KMSHK) promovon gazetarin\u00eb etike, mbron lirin\u00eb e mediave dhe t\u00eb drejt\u00ebn p\u00ebr informim.","robots":{"index":"index","follow":"follow","max-snippet":"max-snippet:-1","max-image-preview":"max-image-preview:large","max-video-preview":"max-video-preview:-1"},"canonical":"https:\/\/presscouncil-ks.org\/","og_locale":"en_US","og_type":"article","og_title":"Ballina - K\u00ebshilli i Mediave t\u00eb Shkruara t\u00eb Kosov\u00ebs | P\u00ebr nj\u00eb gazetari etike dhe profesionale %","og_description":"K\u00ebshilli i Mediave t\u00eb Shkruara t\u00eb Kosov\u00ebs (KMSHK) promovon gazetarin\u00eb etike, mbron lirin\u00eb e mediave dhe t\u00eb drejt\u00ebn p\u00ebr informim.","og_url":"https:\/\/presscouncil-ks.org\/","og_site_name":"K\u00ebshilli i Mediave t\u00eb Shkruara t\u00eb Kosov\u00ebs | P\u00ebr nj\u00eb gazetari etike dhe profesionale","article_publisher":"https:\/\/www.facebook.com\/KMSHKosove","article_modified_time":"2025-08-02T11:15:45+00:00","twitter_card":"summary_large_image","schema":{"@context":"https:\/\/schema.org","@graph":[{"@type":"WebPage","@id":"https:\/\/presscouncil-ks.org\/","url":"https:\/\/presscouncil-ks.org\/","name":"Ballina - K\u00ebshilli i Mediave t\u00eb Shkruara t\u00eb Kosov\u00ebs | P\u00ebr nj\u00eb gazetari etike dhe profesionale %","isPartOf":{"@id":"https:\/\/presscouncil-ks.org\/#website"},"datePublished":"2023-06-02T09:19:18+00:00","dateModified":"2025-08-02T11:15:45+00:00","description":"K\u00ebshilli i Mediave t\u00eb Shkruara t\u00eb Kosov\u00ebs (KMSHK) promovon gazetarin\u00eb etike, mbron lirin\u00eb e mediave dhe t\u00eb drejt\u00ebn p\u00ebr informim.","breadcrumb":{"@id":"https:\/\/presscouncil-ks.org\/#breadcrumb"},"inLanguage":"en-US","potentialAction":[{"@type":"ReadAction","target":["https:\/\/presscouncil-ks.org\/"]}]},{"@type":"BreadcrumbList","@id":"https:\/\/presscouncil-ks.org\/#breadcrumb","itemListElement":[{"@type":"ListItem","position":1,"name":"Home","item":"https:\/\/presscouncil-ks.org\/"},{"@type":"ListItem","position":2,"name":"Lajmet","item":"https:\/\/presscouncil-ks.org\/?page_id=9"},{"@type":"ListItem","position":3,"name":"Ballina"}]},{"@type":"WebSite","@id":"https:\/\/presscouncil-ks.org\/#website","url":"https:\/\/presscouncil-ks.org\/","name":"https:\/\/presscouncil-ks.org\/","description":"","publisher":{"@id":"https:\/\/presscouncil-ks.org\/#organization"},"potentialAction":[{"@type":"SearchAction","target":{"@type":"EntryPoint","urlTemplate":"https:\/\/presscouncil-ks.org\/?s={search_term_string}"},"query-input":{"@type":"PropertyValueSpecification","valueRequired":true,"valueName":"search_term_string"}}],"inLanguage":"en-US"},{"@type":"Organization","@id":"https:\/\/presscouncil-ks.org\/#organization","name":"K\u00ebshilli i Mediave t\u00eb Shkruara t\u00eb Kosov\u00ebs","url":"https:\/\/presscouncil-ks.org\/","logo":{"@type":"ImageObject","inLanguage":"en-US","@id":"https:\/\/presscouncil-ks.org\/#\/schema\/logo\/image\/","url":"https:\/\/presscouncil-ks.org\/wp-content\/uploads\/2023\/06\/cropped-logo.png","contentUrl":"https:\/\/presscouncil-ks.org\/wp-content\/uploads\/2023\/06\/cropped-logo.png","width":268,"height":166,"caption":"K\u00ebshilli i Mediave t\u00eb Shkruara t\u00eb Kosov\u00ebs"},"image":{"@id":"https:\/\/presscouncil-ks.org\/#\/schema\/logo\/image\/"},"sameAs":["https:\/\/www.facebook.com\/KMSHKosove"]}]}},"_links":{"self":[{"href":"https:\/\/presscouncil-ks.org\/index.php?rest_route=\/wp\/v2\/pages\/7","targetHints":{"allow":["GET"]}}],"collection":[{"href":"https:\/\/presscouncil-ks.org\/index.php?rest_route=\/wp\/v2\/pages"}],"about":[{"href":"https:\/\/presscouncil-ks.org\/index.php?rest_route=\/wp\/v2\/types\/page"}],"author":[{"embeddable":true,"href":"https:\/\/presscouncil-ks.org\/index.php?rest_route=\/wp\/v2\/users\/1"}],"replies":[{"embeddable":true,"href":"https:\/\/presscouncil-ks.org\/index.php?rest_route=%2Fwp%2Fv2%2Fcomments&post=7"}],"version-history":[{"count":16,"href":"https:\/\/presscouncil-ks.org\/index.php?rest_route=\/wp\/v2\/pages\/7\/revisions"}],"predecessor-version":[{"id":16875,"href":"https:\/\/presscouncil-ks.org\/index.php?rest_route=\/wp\/v2\/pages\/7\/revisions\/16875"}],"up":[{"embeddable":true,"href":"https:\/\/presscouncil-ks.org\/index.php?rest_route=\/wp\/v2\/pages\/9"}],"wp:attachment":[{"href":"https:\/\/presscouncil-ks.org\/index.php?rest_route=%2Fwp%2Fv2%2Fmedia&parent=7"}],"curies":[{"name":"wp","href":"https:\/\/api.w.org\/{rel}","templated":true}]}}

Për një gazetari etike dhe profesionale

Za etičko i profesionalno novinarstvo

Këshilli i Mediave të Shkruara të Kosovës është një organ vetërregullues i themeluar për dhe nga sektori i mediave të shkruara në Kosovë. Misioni i tij bazohet në bindjet e Kodit të Mediave të Shkruara të Kosovës. KMSHK është themeluar në shtator të vitit 2005 me ndihmën e Misionit të OSBE-së në Kosovë, megjithatë, zyra e KMSHK-së ka filluar aktivitetin e saj në dhjetor të vitit 2005.

Lexo më shumë

<!-- This site is optimized with the Yoast SEO plugin v28.3 - https://yoast.com/product/yoast-seo-wordpress/ -->
<title>Ballina - Këshilli i Mediave të Shkruara të Kosovës | Për një gazetari etike dhe profesionale %</title>
<meta name="description" content="Këshilli i Mediave të Shkruara të Kosovës (KMSHK) promovon gazetarinë etike, mbron lirinë e mediave dhe të drejtën për informim." />
<meta name="robots" content="index, follow, max-snippet:-1, max-image-preview:large, max-video-preview:-1" />
<link rel="canonical" href="https://presscouncil-ks.org/" />
<meta property="og:locale" content="en_US" />
<meta property="og:type" content="article" />
<meta property="og:title" content="Ballina - Këshilli i Mediave të Shkruara të Kosovës | Për një gazetari etike dhe profesionale %" />
<meta property="og:description" content="Këshilli i Mediave të Shkruara të Kosovës (KMSHK) promovon gazetarinë etike, mbron lirinë e mediave dhe të drejtën për informim." />
<meta property="og:url" content="https://presscouncil-ks.org/" />
<meta property="og:site_name" content="Këshilli i Mediave të Shkruara të Kosovës | Për një gazetari etike dhe profesionale" />
<meta property="article:publisher" content="https://www.facebook.com/KMSHKosove" />
<meta property="article:modified_time" content="2025-08-02T11:15:45+00:00" />
<meta name="twitter:card" content="summary_large_image" />
<script type="application/ld+json" class="yoast-schema-graph">{"@context":"https:\/\/schema.org","@graph":[{"@type":"WebPage","@id":"https:\/\/presscouncil-ks.org\/","url":"https:\/\/presscouncil-ks.org\/","name":"Ballina - Këshilli i Mediave të Shkruara të Kosovës | Për një gazetari etike dhe profesionale %","isPartOf":{"@id":"https:\/\/presscouncil-ks.org\/#website"},"datePublished":"2023-06-02T09:19:18+00:00","dateModified":"2025-08-02T11:15:45+00:00","description":"Këshilli i Mediave të Shkruara të Kosovës (KMSHK) promovon gazetarinë etike, mbron lirinë e mediave dhe të drejtën për informim.","breadcrumb":{"@id":"https:\/\/presscouncil-ks.org\/#breadcrumb"},"inLanguage":"en-US","potentialAction":[{"@type":"ReadAction","target":["https:\/\/presscouncil-ks.org\/"]}]},{"@type":"BreadcrumbList","@id":"https:\/\/presscouncil-ks.org\/#breadcrumb","itemListElement":[{"@type":"ListItem","position":1,"name":"Home","item":"https:\/\/presscouncil-ks.org\/"},{"@type":"ListItem","position":2,"name":"Lajmet","item":"https:\/\/presscouncil-ks.org\/?page_id=9"},{"@type":"ListItem","position":3,"name":"Ballina"}]},{"@type":"WebSite","@id":"https:\/\/presscouncil-ks.org\/#website","url":"https:\/\/presscouncil-ks.org\/","name":"https:\/\/presscouncil-ks.org\/","description":"","publisher":{"@id":"https:\/\/presscouncil-ks.org\/#organization"},"potentialAction":[{"@type":"SearchAction","target":{"@type":"EntryPoint","urlTemplate":"https:\/\/presscouncil-ks.org\/?s={search_term_string}"},"query-input":{"@type":"PropertyValueSpecification","valueRequired":true,"valueName":"search_term_string"}}],"inLanguage":"en-US"},{"@type":"Organization","@id":"https:\/\/presscouncil-ks.org\/#organization","name":"Këshilli i Mediave të Shkruara të Kosovës","url":"https:\/\/presscouncil-ks.org\/","logo":{"@type":"ImageObject","inLanguage":"en-US","@id":"https:\/\/presscouncil-ks.org\/#\/schema\/logo\/image\/","url":"https:\/\/presscouncil-ks.org\/wp-content\/uploads\/2023\/06\/cropped-logo.png","contentUrl":"https:\/\/presscouncil-ks.org\/wp-content\/uploads\/2023\/06\/cropped-logo.png","width":268,"height":166,"caption":"Këshilli i Mediave të Shkruara të Kosovës"},"image":{"@id":"https:\/\/presscouncil-ks.org\/#\/schema\/logo\/image\/"},"sameAs":["https:\/\/www.facebook.com\/KMSHKosove"]}]}</script>
<!-- / Yoast SEO plugin. -->

Ballina - Këshilli i Mediave të Shkruara të Kosovës | Për një gazetari etike dhe profesionale %

Këshilli i Mediave të Shkruara të Kosovës (KMSHK) promovon gazetarinë etike, mbron lirinë e mediave dhe të drejtën për informim.

Këshilli i Mediave të Shkruara të Kosovës | Për një gazetari etike dhe profesionale

Këshilli i Mediave të Shkruara të Kosovës
