{"id":101,"date":"2023-06-13T11:54:02","date_gmt":"2023-06-13T11:54:02","guid":{"rendered":"https:\/\/presscouncil-ks.org\/?page_id=101"},"modified":"2026-03-25T12:53:31","modified_gmt":"2026-03-25T12:53:31","slug":"rreth-nesh-2","status":"publish","type":"page","link":"http:\/\/presscouncil-ks.org\/?page_id=101","title":{"rendered":"Rreth nesh"},"content":{"rendered":"<p><strong>K\u00ebshilli i Mediave t\u00eb Shkruara t\u00eb Kosov\u00ebs (KMShK) \u00ebsht\u00eb nj\u00eb trup vet\u00ebrregullues i formuar p\u00ebr dhe nga sektori i mediave t\u00eb shkruara. <\/strong><\/p>\n<p>Misioni i tij mb\u00ebshtetet mbi bindjet e Kodit t\u00eb Mediave t\u00eb Shkruara t\u00eb Kosov\u00ebs. KMShK \u00ebsht\u00eb themeluar me ndihm\u00ebn e OSBE-s\u00eb n\u00eb Kosov\u00eb n\u00eb shtator t\u00eb vitit 2005, nd\u00ebrsa Zyra e KMShK-s\u00eb aktivitetin e rregullt e ka filluar n\u00eb dhjetor t\u00eb vitit 2005.<\/p>\n<p>Fjala e lir\u00eb, e drejta e qytetar\u00ebve p\u00ebr t\u2019u informuar plot\u00ebsisht, me koh\u00eb dhe respektimi n\u00eb t\u00ebr\u00ebsi i kodit etik t\u00eb gazetaris\u00eb jan\u00eb baza mbi t\u00eb cil\u00ebn vepron KMShK. Q\u00ebllimi i KMShK-s\u00eb \u00ebsht\u00eb ta mbroj\u00eb qytetarin nga shkrimet e pav\u00ebrteta si dhe ta mbroj\u00eb gazetarin nga ankesat e pamb\u00ebshtetura.<\/p>\n<p>K\u00ebshilli i Mediave t\u00eb Shkruara t\u00eb Kosov\u00ebs tani i ka rreth 50 an\u00ebtar\u00eb t\u00eb rregullt, media online dhe agjenci lajmesh. Kuvendi i an\u00ebtar\u00ebve t\u00eb KMShK-s\u00eb p\u00ebrb\u00ebhet nga p\u00ebrfaq\u00ebsuesit e mediave online (portaleveve t\u00eb lajmeve) dhe agjencive t\u00eb lajmeve.<\/p>\n<p>Strategjia e KMShK-s\u00eb fokusohet n\u00eb fuqizimin e respektimit t\u00eb Kodit t\u00eb Mediave t\u00eb Shkruara n\u00eb Kosov\u00eb, edukimin e brezave t\u00eb rinj t\u00eb gazetar\u00ebve dhe student\u00ebve t\u00eb gazetaris\u00eb lidhur me parimet e Kodit\u2026, me q\u00ebllim t\u00eb sigurimit t\u00eb s\u00eb drejt\u00ebs s\u00eb qytetar\u00ebve p\u00ebr t\u2019u informuar drejt dhe me koh\u00eb.<\/p>\n<p><strong>K\u00ebshilli i Mediave t\u00eb Shkruara t\u00eb Kosov\u00ebs<\/strong><\/p>\n<div class=\"grid details-grid\">\n<div class=\"col details\">\n<p><strong>Imer Mushkolaj, <\/strong>drejtor ekzekutiv i KMShK-s\u00eb<\/p>\n<p><strong>Nora Behluli, <\/strong>zyrtare p\u00ebr ankesa<\/p>\n<p><b>Adresa:\u00a0<\/b>Rr. \u201cImzot Nik\u00eb Prela\u201d, D9, hyrja 4, nr. 2, Ulpian\u00eb, 10000 Prishtin\u00eb<\/p>\n<p><b>Email:\u00a0<\/b><a href=\"mailto:presscouncil.kosovo@gmail.com\">presscouncil.kosovo@gmail.com<\/a><\/p>\n<p>&nbsp;<\/p>\n<\/div>\n<\/div>\n","protected":false},"excerpt":{"rendered":"<p>K\u00ebshilli i Mediave t\u00eb Shkruara t\u00eb Kosov\u00ebs (KMShK) \u00ebsht\u00eb nj\u00eb trup vet\u00ebrregullues i formuar p\u00ebr dhe nga sektori i mediave t\u00eb shkruara. Misioni i tij mb\u00ebshtetet mbi bindjet e Kodit t\u00eb Mediave t\u00eb Shkruara t\u00eb Kosov\u00ebs. KMShK \u00ebsht\u00eb themeluar me ndihm\u00ebn e OSBE-s\u00eb n\u00eb Kosov\u00eb n\u00eb shtator t\u00eb vitit 2005, nd\u00ebrsa Zyra e KMShK-s\u00eb aktivitetin [&hellip;]<\/p>\n","protected":false},"author":1,"featured_media":0,"parent":0,"menu_order":0,"comment_status":"closed","ping_status":"closed","template":"template-parts\/about-us.php","meta":{"footnotes":""},"class_list":["post-101","page","type-page","status-publish","hentry"],"acf":{"title":"K\u00ebshilli i Mediave t\u00eb Shkruara t\u00eb Kosov\u00ebs","subtitle":"RRETH NESH  \u2022  24 MARS 2015"},"yoast_head":"<!-- This site is optimized with the Yoast SEO plugin v28.3 - https:\/\/yoast.com\/product\/yoast-seo-wordpress\/ -->\n<title>Rreth nesh - K\u00ebshilli i Mediave t\u00eb Shkruara t\u00eb Kosov\u00ebs | P\u00ebr nj\u00eb gazetari etike dhe profesionale<\/title>\n<meta name=\"robots\" content=\"index, follow, max-snippet:-1, max-image-preview:large, max-video-preview:-1\" \/>\n<link rel=\"canonical\" href=\"http:\/\/presscouncil-ks.org\/?page_id=101\" \/>\n<meta property=\"og:locale\" content=\"en_US\" \/>\n<meta property=\"og:type\" content=\"article\" \/>\n<meta property=\"og:title\" content=\"Rreth nesh - K\u00ebshilli i Mediave t\u00eb Shkruara t\u00eb Kosov\u00ebs | P\u00ebr nj\u00eb gazetari etike dhe profesionale\" \/>\n<meta property=\"og:description\" content=\"K\u00ebshilli i Mediave t\u00eb Shkruara t\u00eb Kosov\u00ebs (KMShK) \u00ebsht\u00eb nj\u00eb trup vet\u00ebrregullues i formuar p\u00ebr dhe nga sektori i mediave t\u00eb shkruara. Misioni i tij mb\u00ebshtetet mbi bindjet e Kodit t\u00eb Mediave t\u00eb Shkruara t\u00eb Kosov\u00ebs. KMShK \u00ebsht\u00eb themeluar me ndihm\u00ebn e OSBE-s\u00eb n\u00eb Kosov\u00eb n\u00eb shtator t\u00eb vitit 2005, nd\u00ebrsa Zyra e KMShK-s\u00eb aktivitetin [&hellip;]\" \/>\n<meta property=\"og:url\" content=\"http:\/\/presscouncil-ks.org\/?page_id=101\" \/>\n<meta property=\"og:site_name\" content=\"K\u00ebshilli i Mediave t\u00eb Shkruara t\u00eb Kosov\u00ebs | P\u00ebr nj\u00eb gazetari etike dhe profesionale\" \/>\n<meta property=\"article:publisher\" content=\"https:\/\/www.facebook.com\/KMSHKosove\" \/>\n<meta property=\"article:modified_time\" content=\"2026-03-25T12:53:31+00:00\" \/>\n<meta name=\"twitter:card\" content=\"summary_large_image\" \/>\n<meta name=\"twitter:label1\" content=\"Est. reading time\" \/>\n\t<meta name=\"twitter:data1\" content=\"2 minutes\" \/>\n<script type=\"application\/ld+json\" class=\"yoast-schema-graph\">{\"@context\":\"https:\\\/\\\/schema.org\",\"@graph\":[{\"@type\":\"WebPage\",\"@id\":\"http:\\\/\\\/presscouncil-ks.org\\\/?page_id=101\",\"url\":\"http:\\\/\\\/presscouncil-ks.org\\\/?page_id=101\",\"name\":\"Rreth nesh - K\u00ebshilli i Mediave t\u00eb Shkruara t\u00eb Kosov\u00ebs | P\u00ebr nj\u00eb gazetari etike dhe profesionale\",\"isPartOf\":{\"@id\":\"http:\\\/\\\/presscouncil-ks.org\\\/#website\"},\"datePublished\":\"2023-06-13T11:54:02+00:00\",\"dateModified\":\"2026-03-25T12:53:31+00:00\",\"breadcrumb\":{\"@id\":\"http:\\\/\\\/presscouncil-ks.org\\\/?page_id=101#breadcrumb\"},\"inLanguage\":\"en-US\",\"potentialAction\":[{\"@type\":\"ReadAction\",\"target\":[\"http:\\\/\\\/presscouncil-ks.org\\\/?page_id=101\"]}]},{\"@type\":\"BreadcrumbList\",\"@id\":\"http:\\\/\\\/presscouncil-ks.org\\\/?page_id=101#breadcrumb\",\"itemListElement\":[{\"@type\":\"ListItem\",\"position\":1,\"name\":\"Home\",\"item\":\"https:\\\/\\\/presscouncil-ks.org\\\/\"},{\"@type\":\"ListItem\",\"position\":2,\"name\":\"Rreth nesh\"}]},{\"@type\":\"WebSite\",\"@id\":\"http:\\\/\\\/presscouncil-ks.org\\\/#website\",\"url\":\"http:\\\/\\\/presscouncil-ks.org\\\/\",\"name\":\"https:\\\/\\\/presscouncil-ks.org\\\/\",\"description\":\"\",\"publisher\":{\"@id\":\"http:\\\/\\\/presscouncil-ks.org\\\/#organization\"},\"potentialAction\":[{\"@type\":\"SearchAction\",\"target\":{\"@type\":\"EntryPoint\",\"urlTemplate\":\"http:\\\/\\\/presscouncil-ks.org\\\/?s={search_term_string}\"},\"query-input\":{\"@type\":\"PropertyValueSpecification\",\"valueRequired\":true,\"valueName\":\"search_term_string\"}}],\"inLanguage\":\"en-US\"},{\"@type\":\"Organization\",\"@id\":\"http:\\\/\\\/presscouncil-ks.org\\\/#organization\",\"name\":\"K\u00ebshilli i Mediave t\u00eb Shkruara t\u00eb Kosov\u00ebs\",\"url\":\"http:\\\/\\\/presscouncil-ks.org\\\/\",\"logo\":{\"@type\":\"ImageObject\",\"inLanguage\":\"en-US\",\"@id\":\"http:\\\/\\\/presscouncil-ks.org\\\/#\\\/schema\\\/logo\\\/image\\\/\",\"url\":\"http:\\\/\\\/presscouncil-ks.org\\\/wp-content\\\/uploads\\\/2023\\\/06\\\/cropped-logo.png\",\"contentUrl\":\"http:\\\/\\\/presscouncil-ks.org\\\/wp-content\\\/uploads\\\/2023\\\/06\\\/cropped-logo.png\",\"width\":268,\"height\":166,\"caption\":\"K\u00ebshilli i Mediave t\u00eb Shkruara t\u00eb Kosov\u00ebs\"},\"image\":{\"@id\":\"http:\\\/\\\/presscouncil-ks.org\\\/#\\\/schema\\\/logo\\\/image\\\/\"},\"sameAs\":[\"https:\\\/\\\/www.facebook.com\\\/KMSHKosove\"]}]}<\/script>\n<!-- \/ Yoast SEO plugin. -->","yoast_head_json":{"title":"Rreth nesh - K\u00ebshilli i Mediave t\u00eb Shkruara t\u00eb Kosov\u00ebs | P\u00ebr nj\u00eb gazetari etike dhe profesionale","robots":{"index":"index","follow":"follow","max-snippet":"max-snippet:-1","max-image-preview":"max-image-preview:large","max-video-preview":"max-video-preview:-1"},"canonical":"http:\/\/presscouncil-ks.org\/?page_id=101","og_locale":"en_US","og_type":"article","og_title":"Rreth nesh - K\u00ebshilli i Mediave t\u00eb Shkruara t\u00eb Kosov\u00ebs | P\u00ebr nj\u00eb gazetari etike dhe profesionale","og_description":"K\u00ebshilli i Mediave t\u00eb Shkruara t\u00eb Kosov\u00ebs (KMShK) \u00ebsht\u00eb nj\u00eb trup vet\u00ebrregullues i formuar p\u00ebr dhe nga sektori i mediave t\u00eb shkruara. Misioni i tij mb\u00ebshtetet mbi bindjet e Kodit t\u00eb Mediave t\u00eb Shkruara t\u00eb Kosov\u00ebs. KMShK \u00ebsht\u00eb themeluar me ndihm\u00ebn e OSBE-s\u00eb n\u00eb Kosov\u00eb n\u00eb shtator t\u00eb vitit 2005, nd\u00ebrsa Zyra e KMShK-s\u00eb aktivitetin [&hellip;]","og_url":"http:\/\/presscouncil-ks.org\/?page_id=101","og_site_name":"K\u00ebshilli i Mediave t\u00eb Shkruara t\u00eb Kosov\u00ebs | P\u00ebr nj\u00eb gazetari etike dhe profesionale","article_publisher":"https:\/\/www.facebook.com\/KMSHKosove","article_modified_time":"2026-03-25T12:53:31+00:00","twitter_card":"summary_large_image","twitter_misc":{"Est. reading time":"2 minutes"},"schema":{"@context":"https:\/\/schema.org","@graph":[{"@type":"WebPage","@id":"http:\/\/presscouncil-ks.org\/?page_id=101","url":"http:\/\/presscouncil-ks.org\/?page_id=101","name":"Rreth nesh - K\u00ebshilli i Mediave t\u00eb Shkruara t\u00eb Kosov\u00ebs | P\u00ebr nj\u00eb gazetari etike dhe profesionale","isPartOf":{"@id":"http:\/\/presscouncil-ks.org\/#website"},"datePublished":"2023-06-13T11:54:02+00:00","dateModified":"2026-03-25T12:53:31+00:00","breadcrumb":{"@id":"http:\/\/presscouncil-ks.org\/?page_id=101#breadcrumb"},"inLanguage":"en-US","potentialAction":[{"@type":"ReadAction","target":["http:\/\/presscouncil-ks.org\/?page_id=101"]}]},{"@type":"BreadcrumbList","@id":"http:\/\/presscouncil-ks.org\/?page_id=101#breadcrumb","itemListElement":[{"@type":"ListItem","position":1,"name":"Home","item":"https:\/\/presscouncil-ks.org\/"},{"@type":"ListItem","position":2,"name":"Rreth nesh"}]},{"@type":"WebSite","@id":"http:\/\/presscouncil-ks.org\/#website","url":"http:\/\/presscouncil-ks.org\/","name":"https:\/\/presscouncil-ks.org\/","description":"","publisher":{"@id":"http:\/\/presscouncil-ks.org\/#organization"},"potentialAction":[{"@type":"SearchAction","target":{"@type":"EntryPoint","urlTemplate":"http:\/\/presscouncil-ks.org\/?s={search_term_string}"},"query-input":{"@type":"PropertyValueSpecification","valueRequired":true,"valueName":"search_term_string"}}],"inLanguage":"en-US"},{"@type":"Organization","@id":"http:\/\/presscouncil-ks.org\/#organization","name":"K\u00ebshilli i Mediave t\u00eb Shkruara t\u00eb Kosov\u00ebs","url":"http:\/\/presscouncil-ks.org\/","logo":{"@type":"ImageObject","inLanguage":"en-US","@id":"http:\/\/presscouncil-ks.org\/#\/schema\/logo\/image\/","url":"http:\/\/presscouncil-ks.org\/wp-content\/uploads\/2023\/06\/cropped-logo.png","contentUrl":"http:\/\/presscouncil-ks.org\/wp-content\/uploads\/2023\/06\/cropped-logo.png","width":268,"height":166,"caption":"K\u00ebshilli i Mediave t\u00eb Shkruara t\u00eb Kosov\u00ebs"},"image":{"@id":"http:\/\/presscouncil-ks.org\/#\/schema\/logo\/image\/"},"sameAs":["https:\/\/www.facebook.com\/KMSHKosove"]}]}},"_links":{"self":[{"href":"http:\/\/presscouncil-ks.org\/index.php?rest_route=\/wp\/v2\/pages\/101","targetHints":{"allow":["GET"]}}],"collection":[{"href":"http:\/\/presscouncil-ks.org\/index.php?rest_route=\/wp\/v2\/pages"}],"about":[{"href":"http:\/\/presscouncil-ks.org\/index.php?rest_route=\/wp\/v2\/types\/page"}],"author":[{"embeddable":true,"href":"http:\/\/presscouncil-ks.org\/index.php?rest_route=\/wp\/v2\/users\/1"}],"replies":[{"embeddable":true,"href":"http:\/\/presscouncil-ks.org\/index.php?rest_route=%2Fwp%2Fv2%2Fcomments&post=101"}],"version-history":[{"count":12,"href":"http:\/\/presscouncil-ks.org\/index.php?rest_route=\/wp\/v2\/pages\/101\/revisions"}],"predecessor-version":[{"id":17999,"href":"http:\/\/presscouncil-ks.org\/index.php?rest_route=\/wp\/v2\/pages\/101\/revisions\/17999"}],"wp:attachment":[{"href":"http:\/\/presscouncil-ks.org\/index.php?rest_route=%2Fwp%2Fv2%2Fmedia&parent=101"}],"curies":[{"name":"wp","href":"https:\/\/api.w.org\/{rel}","templated":true}]}}

<p><strong>Këshilli i Mediave të Shkruara të Kosovës (KMShK) është një trup vetërregullues i formuar për dhe nga sektori i mediave të shkruara. </strong></p>
<p>Misioni i tij mbështetet mbi bindjet e Kodit të Mediave të Shkruara të Kosovës. KMShK është themeluar me ndihmën e OSBE-së në Kosovë në shtator të vitit 2005, ndërsa Zyra e KMShK-së aktivitetin e rregullt e ka filluar në dhjetor të vitit 2005.</p>
<p>Fjala e lirë, e drejta e qytetarëve për t’u informuar plotësisht, me kohë dhe respektimi në tërësi i kodit etik të gazetarisë janë baza mbi të cilën vepron KMShK. Qëllimi i KMShK-së është ta mbrojë qytetarin nga shkrimet e pavërteta si dhe ta mbrojë gazetarin nga ankesat e pambështetura.</p>
<p>Këshilli i Mediave të Shkruara të Kosovës tani i ka rreth 50 anëtarë të rregullt, media online dhe agjenci lajmesh. Kuvendi i anëtarëve të KMShK-së përbëhet nga përfaqësuesit e mediave online (portaleveve të lajmeve) dhe agjencive të lajmeve.</p>
<p>Strategjia e KMShK-së fokusohet në fuqizimin e respektimit të Kodit të Mediave të Shkruara në Kosovë, edukimin e brezave të rinj të gazetarëve dhe studentëve të gazetarisë lidhur me parimet e Kodit…, me qëllim të sigurimit të së drejtës së qytetarëve për t’u informuar drejt dhe me kohë.</p>
<p><strong>Këshilli i Mediave të Shkruara të Kosovës</strong></p>
<div class="grid details-grid">
<div class="col details">
<p><strong>Imer Mushkolaj, </strong>drejtor ekzekutiv i KMShK-së</p>
<p><strong>Nora Behluli, </strong>zyrtare për ankesa</p>
<p><b>Adresa: </b>Rr. “Imzot Nikë Prela”, D9, hyrja 4, nr. 2, Ulpianë, 10000 Prishtinë</p>
<p><b>Email: </b><a href="mailto:presscouncil.kosovo@gmail.com">presscouncil.kosovo@gmail.com</a></p>
<p>&nbsp;</p>
</div>
</div>

<p>Këshilli i Mediave të Shkruara të Kosovës (KMShK) është një trup vetërregullues i formuar për dhe nga sektori i mediave të shkruara. Misioni i tij mbështetet mbi bindjet e Kodit të Mediave të Shkruara të Kosovës. KMShK është themeluar me ndihmën e OSBE-së në Kosovë në shtator të vitit 2005, ndërsa Zyra e KMShK-së aktivitetin [&hellip;]</p>

Këshilli i Mediave të Shkruara të Kosovës

<!-- This site is optimized with the Yoast SEO plugin v28.3 - https://yoast.com/product/yoast-seo-wordpress/ -->
<title>Rreth nesh - Këshilli i Mediave të Shkruara të Kosovës | Për një gazetari etike dhe profesionale</title>
<meta name="robots" content="index, follow, max-snippet:-1, max-image-preview:large, max-video-preview:-1" />
<link rel="canonical" href="http://presscouncil-ks.org/?page_id=101" />
<meta property="og:locale" content="en_US" />
<meta property="og:type" content="article" />
<meta property="og:title" content="Rreth nesh - Këshilli i Mediave të Shkruara të Kosovës | Për një gazetari etike dhe profesionale" />
<meta property="og:description" content="Këshilli i Mediave të Shkruara të Kosovës (KMShK) është një trup vetërregullues i formuar për dhe nga sektori i mediave të shkruara. Misioni i tij mbështetet mbi bindjet e Kodit të Mediave të Shkruara të Kosovës. KMShK është themeluar me ndihmën e OSBE-së në Kosovë në shtator të vitit 2005, ndërsa Zyra e KMShK-së aktivitetin [&hellip;]" />
<meta property="og:url" content="http://presscouncil-ks.org/?page_id=101" />
<meta property="og:site_name" content="Këshilli i Mediave të Shkruara të Kosovës | Për një gazetari etike dhe profesionale" />
<meta property="article:publisher" content="https://www.facebook.com/KMSHKosove" />
<meta property="article:modified_time" content="2026-03-25T12:53:31+00:00" />
<meta name="twitter:card" content="summary_large_image" />
<meta name="twitter:label1" content="Est. reading time" />
	<meta name="twitter:data1" content="2 minutes" />
<script type="application/ld+json" class="yoast-schema-graph">{"@context":"https:\/\/schema.org","@graph":[{"@type":"WebPage","@id":"http:\/\/presscouncil-ks.org\/?page_id=101","url":"http:\/\/presscouncil-ks.org\/?page_id=101","name":"Rreth nesh - Këshilli i Mediave të Shkruara të Kosovës | Për një gazetari etike dhe profesionale","isPartOf":{"@id":"http:\/\/presscouncil-ks.org\/#website"},"datePublished":"2023-06-13T11:54:02+00:00","dateModified":"2026-03-25T12:53:31+00:00","breadcrumb":{"@id":"http:\/\/presscouncil-ks.org\/?page_id=101#breadcrumb"},"inLanguage":"en-US","potentialAction":[{"@type":"ReadAction","target":["http:\/\/presscouncil-ks.org\/?page_id=101"]}]},{"@type":"BreadcrumbList","@id":"http:\/\/presscouncil-ks.org\/?page_id=101#breadcrumb","itemListElement":[{"@type":"ListItem","position":1,"name":"Home","item":"https:\/\/presscouncil-ks.org\/"},{"@type":"ListItem","position":2,"name":"Rreth nesh"}]},{"@type":"WebSite","@id":"http:\/\/presscouncil-ks.org\/#website","url":"http:\/\/presscouncil-ks.org\/","name":"https:\/\/presscouncil-ks.org\/","description":"","publisher":{"@id":"http:\/\/presscouncil-ks.org\/#organization"},"potentialAction":[{"@type":"SearchAction","target":{"@type":"EntryPoint","urlTemplate":"http:\/\/presscouncil-ks.org\/?s={search_term_string}"},"query-input":{"@type":"PropertyValueSpecification","valueRequired":true,"valueName":"search_term_string"}}],"inLanguage":"en-US"},{"@type":"Organization","@id":"http:\/\/presscouncil-ks.org\/#organization","name":"Këshilli i Mediave të Shkruara të Kosovës","url":"http:\/\/presscouncil-ks.org\/","logo":{"@type":"ImageObject","inLanguage":"en-US","@id":"http:\/\/presscouncil-ks.org\/#\/schema\/logo\/image\/","url":"http:\/\/presscouncil-ks.org\/wp-content\/uploads\/2023\/06\/cropped-logo.png","contentUrl":"http:\/\/presscouncil-ks.org\/wp-content\/uploads\/2023\/06\/cropped-logo.png","width":268,"height":166,"caption":"Këshilli i Mediave të Shkruara të Kosovës"},"image":{"@id":"http:\/\/presscouncil-ks.org\/#\/schema\/logo\/image\/"},"sameAs":["https:\/\/www.facebook.com\/KMSHKosove"]}]}</script>
<!-- / Yoast SEO plugin. -->

Rreth nesh - Këshilli i Mediave të Shkruara të Kosovës | Për një gazetari etike dhe profesionale

Këshilli i Mediave të Shkruara të Kosovës (KMShK) është një trup vetërregullues i formuar për dhe nga sektori i mediave të shkruara. Misioni i tij mbështetet mbi bindjet e Kodit të Mediave të Shkruara të Kosovës. KMShK është themeluar me ndihmën e OSBE-së në Kosovë në shtator të vitit 2005, ndërsa Zyra e KMShK-së aktivitetin [&hellip;]

Këshilli i Mediave të Shkruara të Kosovës | Për një gazetari etike dhe profesionale
